{"id":29,"date":"2014-11-05T17:17:15","date_gmt":"2014-11-05T15:17:15","guid":{"rendered":"http:\/\/www.st-parkett.at\/wordpress\/?page_id=29"},"modified":"2020-04-05T09:19:59","modified_gmt":"2020-04-05T07:19:59","slug":"kontakt","status":"publish","type":"page","link":"https:\/\/www.st-parkett.at\/wordpress\/?page_id=29","title":{"rendered":"IMPRESSUM"},"content":{"rendered":"<h1 align=\"center\">KONTAKT &amp; IMPRESSUM<\/h1>\n<hr \/>\n<p align=\"center\"><strong>INHABER<\/strong> Christopher Schmallegger<\/p>\n<p align=\"center\"><strong>UID-NUMMER<\/strong> ATU66793856<\/p>\n<p align=\"center\"><strong>ANSCHRIFT<\/strong> A-8183 Floing 97<\/p>\n<p align=\"center\"><strong>TELEFON<\/strong> +43 664 528 3 448<\/p>\n<p align=\"center\"><strong>E-MAIL<\/strong> shop@st-parkett.at<\/p>\n<hr \/>\n<p align=\"center\"><strong>HAFTUNGSHINWEIS<\/strong><br \/>\nTrotz sorgf\u00e4ltiger inhaltlicher Kontrolle \u00fcbernehmen wir keine Haftung f\u00fcr die Inhalte externer Links. F\u00fcr den Inhalt der verlinkten Seiten sind ausschlie\u00dflich deren Betreiber verantwortlich.<\/p>\n<hr \/>\n<p align=\"center\"><strong>COPYRIGHT<\/strong><br \/>\nS\u00e4mtliche Texte, Bilder und andere auf der Internetseite ver\u00f6ffentlichten Werke unterliegen &#8211; sofern nicht anders gekennzeichnet &#8211; dem Copyright der Firma ST-Parkett &amp; Werkzeug Handel. Jede Vervielf\u00e4ltigung, Verbreitung, Speicherung, \u00dcbermittlung, Sendung und Wieder- bzw. Weitergabe der Inhalte ist ohne schriftliche Genehmigung ausdr\u00fccklich untersagt.<\/p>\n<hr \/>\n<p align=\"center\"><strong>ALLGEMEINE GESCH\u00c4FTSBEDINGUNGEN<\/strong><br \/>\n<object class=\"vanilla-pdf-embed\" data=\"http:\/\/www.st-parkett.at\/AGB.pdf#page=1&view=FitH\" type=\"application\/pdf\" width=\"100%\" height=\"500em\"><p><a href=\"http:\/\/www.st-parkett.at\/AGB.pdf\">Download the PDF file .<\/a><\/p><\/object><\/p>\n","protected":false},"excerpt":{"rendered":"<p>KONTAKT &amp; IMPRESSUM INHABER Christopher Schmallegger UID-NUMMER ATU66793856 ANSCHRIFT A-8183 Floing 97 TELEFON +43 664 528 3 448 E-MAIL shop@st-parkett.at HAFTUNGSHINWEIS Trotz sorgf\u00e4ltiger inhaltlicher Kontrolle \u00fcbernehmen wir keine Haftung f\u00fcr die Inhalte externer Links. F\u00fcr den Inhalt der verlinkten Seiten sind ausschlie\u00dflich deren Betreiber verantwortlich. COPYRIGHT S\u00e4mtliche Texte, Bilder und andere auf der Internetseite ver\u00f6ffentlichten<\/p>\n","protected":false},"author":1,"featured_media":0,"parent":0,"menu_order":0,"comment_status":"closed","ping_status":"closed","template":"","meta":{"footnotes":""},"class_list":["post-29","page","type-page","status-publish","hentry"],"_links":{"self":[{"href":"https:\/\/www.st-parkett.at\/wordpress\/index.php?rest_route=\/wp\/v2\/pages\/29","targetHints":{"allow":["GET"]}}],"collection":[{"href":"https:\/\/www.st-parkett.at\/wordpress\/index.php?rest_route=\/wp\/v2\/pages"}],"about":[{"href":"https:\/\/www.st-parkett.at\/wordpress\/index.php?rest_route=\/wp\/v2\/types\/page"}],"author":[{"embeddable":true,"href":"https:\/\/www.st-parkett.at\/wordpress\/index.php?rest_route=\/wp\/v2\/users\/1"}],"replies":[{"embeddable":true,"href":"https:\/\/www.st-parkett.at\/wordpress\/index.php?rest_route=%2Fwp%2Fv2%2Fcomments&post=29"}],"version-history":[{"count":0,"href":"https:\/\/www.st-parkett.at\/wordpress\/index.php?rest_route=\/wp\/v2\/pages\/29\/revisions"}],"wp:attachment":[{"href":"https:\/\/www.st-parkett.at\/wordpress\/index.php?rest_route=%2Fwp%2Fv2%2Fmedia&parent=29"}],"curies":[{"name":"wp","href":"https:\/\/api.w.org\/{rel}","templated":true}]}}